 the prime factors of i.
2, 109
Let o(m) = m. Let r(v) = -v**2 + 6*v - 6. Let q be r(5). Let j(t) = 15*t + 18. Let f(g) = q*j(g) + 2*o(g). List the prime factors of f(-8).
2, 43
Suppose -2*r + 114 + 21877 = -3*f, 10*r - 109974 = -4*f. What are the prime factors of r?
7, 1571
Let j(t) = 9*t**2 - 1. Let f be j(-1). Let g(r) = 163*r**2 - 2*r + 2. Let a(z) = -54*z**2 + z - 1. Let i(v) = f*a(v) + 3*g(v). List the prime factors of i(1).
3, 19
List the prime factors of 39/(-40)*-3396 + 1/(-10).
7, 11, 43
Let h(j) = -153*j - 13. Let r(s) = 154*s + 12. Let f(q) = 5*h(q) + 4*r(q). List the prime factors of f(-5).
2, 7, 13
Let l be (-56)/(-10)*((-62)/(-4) - 3). Let u = 72 - l. List the prime factors of 192 - -6*u/(-4).
3, 7
What are the prime factors of -1*4*(-2 - (-3255)/(-12))?
1093
Suppose 24*d - 16751 = -3*u + 19*d, 4*u + 3*d = 22353. List the prime factors of u.
2, 3, 233
Let k(w) = 391*w - 2078. What are the prime factors of k(34)?
2, 701
Suppose 5*w + 4*r - 55 = 0, w + 0*w + r = 11. Let f = -15 + w. List the prime factors of (-9 + f)*-3 + 1.
2, 5
Suppose -40*f + 34*f + 8058 = -6300. What are the prime factors of f?
2393
Let v(w) = -13*w - 201. Let u be v(-27). What are the prime factors of ((-36)/u)/((-3)/765)*10?
2, 3, 17
Let r(x) = 194*x**2 - 4*x - 5. Let l be 0/(-6 - -13) - 1. List the prime factors of r(l).
193
Suppose -10*b + 24*b - 4732 = 0. Let k = b + 467. List the prime factors of k.
5, 7, 23
Let w(k) = 228*k**3 + 6*k**2 + 42*k - 166. List the prime factors of w(6).
2, 5, 991
Suppose 919*m - 423447 + 20527 = 899*m. List the prime factors of m.
2, 7, 1439
Suppose -1314 = 5*k + 3346. Let g = k - -1571. List the prime factors of g.
3, 71
Let g = -152993 + 215757. What are the prime factors of g?
2, 13, 17, 71
Let u(y) = 140*y + 1710. What are the prime factors of u(86)?
2, 5, 11
Suppose -28524 = 20*d - 148324. What are the prime factors of d?
2, 5, 599
Suppose -4*l = -3*u - 3, -16*u - 2 = -l - 14*u. Suppose -2*c = -6 + 4, c + 2 = h. Suppose -p + 2*j = -l*j - 132, -9 = -h*j. List the prime factors of p.
2, 3, 23
Suppose 9*f - 1117 = -1144. Let d(z) = 3*z + 9*z**2 - 2*z + z - 1. List the prime factors of d(f).
2, 37
Let z(j) be the first derivative of -4*j**3/3 + 9*j**2 + 7*j + 7. Let l be z(5). Let c(k) = -3*k**3 + k**2 + 9. What are the prime factors of c(l)?
3, 11
Let z = 81 - 117. Let p be -3 - (-17 + -1)*18/z. Let f(j) = -14*j + 29. What are the prime factors of f(p)?
197
Suppose 4*v - 4*n = 173480, 4*v - 53145 = 3*n + 120330. List the prime factors of v.
3, 5, 7, 59
Let o = 3524 + 19323. What are the prime factors of o?
11, 31, 67
Let g = -601 - -861. What are the prime factors of (-195)/g + 319/4?
79
Let l(q) = 41*q**2 - 3*q + 2. Let w be l(2). Suppose w = a + 4*a. List the prime factors of 117/(-4)*a/(-6).
2, 3, 13
Suppose -5*y - 49 = 5*w - 4, -4*y + 4*w + 4 = 0. Let l(d) = -3*d**2 - 71*d + 25. Let x be l(-24). List the prime factors of (-36)/((x/y)/((-10)/(-12))).
2, 3, 5
Let u = -98 + 94. What are the prime factors of (2 + u)*(-2 - 99/6)?
37
Suppose -4544 + 1474 = -2*a. Let u = a - 648. What are the prime factors of u?
887
Suppose -32*l - 79718 = -101318 - 355488. List the prime factors of l.
2, 3, 491
Suppose f = -3*k - 4*f + 40, 3*k - 50 = 5*f. List the prime factors of (-3)/k + (-444)/(-20).
2, 11
Let o(u) = 4*u + 25. Let f be o(-8). Let x(q) = -11*q + 34. What are the prime factors of x(f)?
3, 37
Let g be ((6 - 244)/7)/2*28. Let j(a) = -46*a**2 + 2*a - 5. Let p be j(4). Let c = g - p. What are the prime factors of c?
257
Suppose -3*r + 2*w + 37 = w, 24 = r + 2*w. Let c be (-6558)/(-21) + r/(-49). Suppose h = 3*h - c. List the prime factors of h.
2, 3, 13
Suppose 17*x = 24*x + 308994. What are the prime factors of (x/(-168))/(-2 + 9/4)?
1051
Let n(h) = 2171*h - 2144. List the prime factors of n(15).
29, 1049
List the prime factors of 7 + ((-9144)/(-32))/(6/752).
113, 317
Let f be 70/20 + 1/(-2). Suppose -f*z - w = 39, 2*z + 26 = -0*z + 5*w. Let s(k) = k**2 + 11*k - 7. List the prime factors of s(z).
19
Suppose 850666 = 98*r - 394032. List the prime factors of r.
13, 977
Suppose 3*y + i - 2659 = 0, 5*i - i + 3524 = 4*y. Suppose -4*m - 840 = -5*j, 3*j - 5*m = 8*j - y. What are the prime factors of j?
2, 43
What are the prime factors of 1139328/117 + (1 - (-33)/(-39))?
2, 3, 541
Suppose -2*c + 9*c + 553 = 0. Let t = c + 79. Suppose 270 = 5*w + 5*n - 0*n, t = 5*w + n - 266. What are the prime factors of w?
53
Let t(w) = w**2 - 4*w + 46. List the prime factors of t(35).
3, 13, 29
Suppose 4*y - 6 = -5*r, -6*r + 3*r + 11 = -5*y. Suppose -116 = -5*i - 4*c, r*c = i + c - 25. Suppose i - 224 = -10*o. List the prime factors of o.
2, 5
Suppose -988 = 4*i + 852. Let w = -101 - i. Suppose -8*j + 353 = -w. List the prime factors of j.
89
Let l(i) = -5*i - 8. Let w(g) = -6*g - 8. Let a(h) = 7*l(h) - 6*w(h). Let q be a(8). Suppose 7*x - 284 - 66 = q. What are the prime factors of x?
2, 5
Let l = -1341 + 2346. Suppose 187 = -40*p - 64*p + 915. Suppose 0 = p*m + 284 - l. List the prime factors of m.
103
Let m(r) = 66*r**2 - 17. Let u be m(5). Suppose 197 + u = 4*k - 3*z, z = 4*k - 1834. List the prime factors of k/34*(1 + 9 + 0).
3, 5
Suppose 0 = 80*n - 77*n - 6. Suppose 5*q = 2*y - 362 - 151, 0 = -2*y - n*q + 492. What are the prime factors of y?
3, 83
Let w(h) = 124*h - 143. Let a be w(12). Suppose 50*t = 51*t - a. List the prime factors of t.
5, 269
What are the prime factors of 15 - (7 + -21 - 12094)?
3, 449
List the prime factors of 37084*(76/16 - 4).
3, 73, 127
Let k(m) = 11*m**2 + 6*m - 3. Let y be k(-3). Let d = y + 40. Suppose 26*j - d = 24*j. List the prime factors of j.
59
Suppose -13*x = -22*x + 405. List the prime factors of (1412/10)/(9/x).
2, 353
Let m(a) = 37*a**2 + 6*a - 8. Let o = -807 - -812. List the prime factors of m(o).
947
Let p = -87 - 337. Let j = 715 + p. List the prime factors of j.
3, 97
Let n(u) be the third derivative of u**6/120 - u**5/12 + u**4/12 - 21*u**2. Let t be n(4). List the prime factors of (-542)/t - (-12)/(-16).
67
List the prime factors of (-14 + 38/3)/(4/(-25194)).
2, 13, 17, 19
Let r = -29 - -10. Let h be (r + 20)*-1*7. Let c = 69 - h. List the prime factors of c.
2, 19
Let o(k) = 5*k - 22. Let g be o(12). Suppose -2*u - g = -182. List the prime factors of -1 + u + (6 - (2 - 0)).
3, 5
Let p be -3*(25/6*-2 + -1). Let q(b) = -b**3 + 29*b**2 - 25*b + 28. Let i be q(p). Suppose i = r - 2*o - 3, 0 = r + 4*o - 103. List the prime factors of r.
3, 37
Suppose 3*b - 2*s = 4, -2*b = 2*b + 5*s - 13. Suppose -2*y + b - 1 = -3*i, -36 = -2*y - 4*i. Suppose w = y*w - 1148. What are the prime factors of w?
2, 41
Suppose -130*f + 1956250 = 1288982 - 1533892. List the prime factors of f.
2, 3, 17, 83
Let f be 4 - 3 - -3 - -2. Let d = f - 4. Suppose -5*t + 129 = 5*s - t, -d*s + 47 = -3*t. List the prime factors of s.
5
Let j be ((-207)/6)/((27/(-6))/9). Suppose 0 = 3*v - 741 + j. List the prime factors of v.
2, 7
Let w = 29629 + 32302. What are the prime factors of w?
17, 3643
Let z = -158 - -150. List the prime factors of (4 + 36/z)/(3/(-282)).
47
Suppose -2*k = -7*k + 4*r + 24890, 0 = -2*r - 10. List the prime factors of k.
2, 3, 829
Suppose -4391 + 1063 = -4*c + 5*u, 5*c + 5*u - 4205 = 0. Let y = c + -349. What are the prime factors of y?
2, 61
Suppose 4*w - 3*j = -w + 2566, 2*w - 1020 = -2*j. Suppose 2*c + 2*n = 576, 4*c - w - 650 = n. List the prime factors of c.
2, 5, 29
Let f = 7297 - 7158. What are the prime factors of f?
139
Let u(a) = 13*a**2 + a - 22. Let w(z) = z**2 + z - 24. Let m be w(5). What are the prime factors of u(m)?
2, 113
Suppose 74762 = -36*o + 65*o. List the prime factors of o.
2, 1289
Let c = -683 + 639. Let l(d) = -15*d + 445. What are the prime factors of l(c)?
5, 13, 17
Suppose 3*w - 3*d - 22061 = 5167, -2*w + 18110 = 5*d. What are the prime factors of w?
2, 5, 907
Let x(a) = -19*a - 19. Let o(c) = -c**2 + 7*c - 7. Let w be o(5). Suppose k - 5*k - 12 = 4*p, 40 = -4*k + w*p. List the prime factors of x(k).
2, 3, 19
Suppose 0 = 3*b + 26 - 32. Suppose -5*f + b = -13. List the prime factors of -2*f/2 + 3030/30.
2, 7
Let n = -486 + 486. Suppose -5*v - 10 = 0, -h + 73 = v - n*v. List the prime factors of h.
3, 5
Suppose 18 - 58 = -8*w. Suppose -3*g + r + 3099 - 1223 = 0, -w*g - r + 3140 = 0. Lis